{"id":5991,"date":"2023-03-12T16:24:13","date_gmt":"2023-03-12T16:24:13","guid":{"rendered":"https:\/\/www.liverpoolmagico.net\/?page_id=5991"},"modified":"2025-04-10T09:59:02","modified_gmt":"2025-04-10T09:59:02","slug":"british-music-experience","status":"publish","type":"page","link":"https:\/\/www.liverpoolmagico.net\/index.php\/british-music-experience\/","title":{"rendered":"British Music Experience"},"content":{"rendered":"\n<h2 class=\"wp-block-heading\"><\/h2>\n\n\n\n<p>Liverpool fue reconocida por el libro de Records Mundiales Guinness como la \u00abCiudad Capital Mundial del Pop\u00bb y el&nbsp;<strong>British Music Experience<\/strong>&nbsp;es muestra de ello. Este museo cuenta con una colecci\u00f3n inigualable de m\u00e1s de 600 objetos y trajes pertenecientes a los m\u00fasicos brit\u00e1nicos de las \u00faltimas d\u00e9cadas.&nbsp; Podr\u00e9is escuchar y ver los videoclips de los grandes \u00e9xitos del pop y rock en pantallas gigantes. El Museo tambi\u00e9n es interactivo e incluye zonas interactivas, experiencias audiovisuales, un estudio donde podr\u00e9is aprender y tocar una amplia gama de instrumentos y una espaciosa cabina con un profesor virtual que te ense\u00f1ar\u00e1 los pasos de hasta 12 bailes ic\u00f3nicos.<\/p>\n\n\n\n<figure class=\"wp-block-image size-large\"><img loading=\"lazy\" decoding=\"async\" width=\"1024\" height=\"314\" src=\"https:\/\/www.liverpoolmagico.net\/wp-content\/uploads\/2023\/03\/foto-museo-musica-1024x314.webp\" alt=\"\" class=\"wp-image-5993\" srcset=\"https:\/\/www.liverpoolmagico.net\/wp-content\/uploads\/2023\/03\/foto-museo-musica-1024x314.webp 1024w, https:\/\/www.liverpoolmagico.net\/wp-content\/uploads\/2023\/03\/foto-museo-musica-600x184.webp 600w, https:\/\/www.liverpoolmagico.net\/wp-content\/uploads\/2023\/03\/foto-museo-musica-300x92.webp 300w, https:\/\/www.liverpoolmagico.net\/wp-content\/uploads\/2023\/03\/foto-museo-musica-768x235.webp 768w, https:\/\/www.liverpoolmagico.net\/wp-content\/uploads\/2023\/03\/foto-museo-musica-930x285.webp 930w, https:\/\/www.liverpoolmagico.net\/wp-content\/uploads\/2023\/03\/foto-museo-musica.webp 1349w\" sizes=\"auto, (max-width: 1024px) 100vw, 1024px\" \/><\/figure>\n\n\n\n<figure class=\"wp-block-gallery has-nested-images columns-default is-cropped wp-block-gallery-1 is-layout-flex wp-block-gallery-is-layout-flex\">\n<figure class=\"wp-block-image size-large\"><img loading=\"lazy\" decoding=\"async\" width=\"1024\" height=\"683\" data-id=\"5994\" src=\"https:\/\/www.liverpoolmagico.net\/wp-content\/uploads\/2023\/03\/bowie_collection-1024x683.jpg\" alt=\"\" class=\"wp-image-5994\" srcset=\"https:\/\/www.liverpoolmagico.net\/wp-content\/uploads\/2023\/03\/bowie_collection-1024x683.jpg 1024w, https:\/\/www.liverpoolmagico.net\/wp-content\/uploads\/2023\/03\/bowie_collection-scaled-600x400.jpg 600w, https:\/\/www.liverpoolmagico.net\/wp-content\/uploads\/2023\/03\/bowie_collection-300x200.jpg 300w, https:\/\/www.liverpoolmagico.net\/wp-content\/uploads\/2023\/03\/bowie_collection-768x512.jpg 768w, https:\/\/www.liverpoolmagico.net\/wp-content\/uploads\/2023\/03\/bowie_collection-1536x1024.jpg 1536w, https:\/\/www.liverpoolmagico.net\/wp-content\/uploads\/2023\/03\/bowie_collection-2048x1365.jpg 2048w, https:\/\/www.liverpoolmagico.net\/wp-content\/uploads\/2023\/03\/bowie_collection-531x354.jpg 531w\" sizes=\"auto, (max-width: 1024px) 100vw, 1024px\" \/><\/figure>\n<\/figure>\n\n\n\n<p><strong>Precios<\/strong><\/p>\n\n\n\n<figure class=\"wp-block-table\"><table><tbody><tr><td>Adultos<\/td><td>\u00a319.00<\/td><\/tr><tr><td>Ni\u00f1os de 5-15 a\u00f1os<\/td><td>\u00a311.50<\/td><\/tr><tr><td>Familias (2x Adultos y dos ni\u00f1os)<\/td><td>\u00a349.50<\/td><\/tr><tr><td>Jubilados (m\u00e1s de 60 a\u00f1os)<\/td><td>\u00a318.00<\/td><\/tr><\/tbody><\/table><\/figure>\n\n\n\n<p><strong>Horarios<\/strong><\/p>\n\n\n\n<p>A partir de abril se abre todos los d\u00edas, de 10 am a 5 pm<\/p>\n\n\n\n<p>La \u00faltima entrada es a las 3.45 pm<\/p>\n\n\n\n<p><strong>Direcci\u00f3n<\/strong><\/p>\n\n\n\n<div class=\"wp-block-group\"><div class=\"wp-block-group__inner-container is-layout-constrained wp-block-group-is-layout-constrained\">\n<p><em>British Music Experience,<\/em> <\/p>\n\n\n\n<p><em>Cunard Building <\/em><\/p>\n\n\n\n<p><em>Pier Head <\/em><\/p>\n\n\n\n<p><em>L3 1DS<\/em><\/p>\n<\/div><\/div>\n\n\n\n<div class=\"wp-block-group\"><div class=\"wp-block-group__inner-container is-layout-constrained wp-block-group-is-layout-constrained\"><\/div><\/div>\n\n\n\n<p><strong>Escribanos un correo a info@liverpoolmagico.com indicando fecha y n\u00famero de visitantes o rellene el formulario. Le enviaremos el bono por correo, previo pago de la cantidad correspondiente. Con nuestro bono puede ir a cualquier hora.<\/strong><br \/><\/p>\n\n\n<div class=\"wp-block-jetpack-contact-form is-layout-flex wp-container-jetpack-contact-form-is-layout-dc45eb8d wp-block-jetpack-contact-form-is-layout-flex\"><a href=\"https:\/\/www.liverpoolmagico.net\/index.php\/british-music-experience\/\" target=\"_blank\" rel=\"noopener noreferrer\">Env\u00eda un formulario.<\/a><\/div>\n\n\n<p><\/p>\n\n\n\n<p><\/p>\n\n\n\n<p><\/p>\n\n\n\n<p>\u200b<\/p>\n\n\n\n<p><\/p>\n\n\n\n<p>\u200b<\/p>\n","protected":false},"excerpt":{"rendered":"<p>Liverpool fue reconocida por el libro de Records Mundiales Guinness como la \u00abCiudad Capital Mundial del Pop\u00bb y el&nbsp;British Music Experience&nbsp;es muestra de ello. Este museo cuenta con una colecci\u00f3n inigualable de m\u00e1s de 600 objetos y trajes pertenecientes a los m\u00fasicos brit\u00e1nicos de las \u00faltimas d\u00e9cadas.&nbsp; Podr\u00e9is escuchar y<a href=\"https:\/\/www.liverpoolmagico.net\/index.php\/british-music-experience\/\" class=\"read-more\">Read the rest of this page &raquo;<\/a><\/p>\n","protected":false},"author":2,"featured_media":0,"parent":0,"menu_order":0,"comment_status":"closed","ping_status":"closed","template":"","meta":{"jetpack_post_was_ever_published":false,"footnotes":""},"class_list":["post-5991","page","type-page","status-publish","hentry"],"aioseo_notices":[],"jetpack_shortlink":"https:\/\/wp.me\/P3lKQ0-1yD","jetpack_sharing_enabled":true,"_links":{"self":[{"href":"https:\/\/www.liverpoolmagico.net\/index.php\/wp-json\/wp\/v2\/pages\/5991","targetHints":{"allow":["GET"]}}],"collection":[{"href":"https:\/\/www.liverpoolmagico.net\/index.php\/wp-json\/wp\/v2\/pages"}],"about":[{"href":"https:\/\/www.liverpoolmagico.net\/index.php\/wp-json\/wp\/v2\/types\/page"}],"author":[{"embeddable":true,"href":"https:\/\/www.liverpoolmagico.net\/index.php\/wp-json\/wp\/v2\/users\/2"}],"replies":[{"embeddable":true,"href":"https:\/\/www.liverpoolmagico.net\/index.php\/wp-json\/wp\/v2\/comments?post=5991"}],"version-history":[{"count":0,"href":"https:\/\/www.liverpoolmagico.net\/index.php\/wp-json\/wp\/v2\/pages\/5991\/revisions"}],"wp:attachment":[{"href":"https:\/\/www.liverpoolmagico.net\/index.php\/wp-json\/wp\/v2\/media?parent=5991"}],"curies":[{"name":"wp","href":"https:\/\/api.w.org\/{rel}","templated":true}]}}