{"id":5040,"date":"2020-04-20T17:11:50","date_gmt":"2020-04-20T17:11:50","guid":{"rendered":"https:\/\/www.liverpoolmagico.net\/?page_id=5040"},"modified":"2023-03-12T16:01:02","modified_gmt":"2023-03-12T16:01:02","slug":"casbah-coffee-club","status":"publish","type":"page","link":"https:\/\/www.liverpoolmagico.net\/index.php\/casbah-coffee-club\/","title":{"rendered":"Casbah Coffee Club"},"content":{"rendered":"\n<div class=\"wp-block-jetpack-slideshow aligncenter\" data-effect=\"slide\"><div class=\"wp-block-jetpack-slideshow_container swiper-container\"><ul class=\"wp-block-jetpack-slideshow_swiper-wrapper swiper-wrapper\"><li class=\"wp-block-jetpack-slideshow_slide swiper-slide\"><figure><img loading=\"lazy\" decoding=\"async\" width=\"550\" height=\"366\" alt=\"\" class=\"wp-block-jetpack-slideshow_image wp-image-5041\" data-id=\"5041\" src=\"https:\/\/www.liverpoolmagico.net\/wp-content\/uploads\/2020\/04\/casbah-7.jpg\" srcset=\"https:\/\/www.liverpoolmagico.net\/wp-content\/uploads\/2020\/04\/casbah-7.jpg 550w, https:\/\/www.liverpoolmagico.net\/wp-content\/uploads\/2020\/04\/casbah-7-300x200.jpg 300w, https:\/\/www.liverpoolmagico.net\/wp-content\/uploads\/2020\/04\/casbah-7-532x354.jpg 532w\" sizes=\"(max-width: 550px) 100vw, 550px\" \/><\/figure><\/li><li class=\"wp-block-jetpack-slideshow_slide swiper-slide\"><figure><img loading=\"lazy\" decoding=\"async\" width=\"550\" height=\"412\" alt=\"\" class=\"wp-block-jetpack-slideshow_image wp-image-5042\" data-id=\"5042\" src=\"https:\/\/www.liverpoolmagico.net\/wp-content\/uploads\/2020\/04\/1.jpg\" srcset=\"https:\/\/www.liverpoolmagico.net\/wp-content\/uploads\/2020\/04\/1.jpg 550w, https:\/\/www.liverpoolmagico.net\/wp-content\/uploads\/2020\/04\/1-300x225.jpg 300w, https:\/\/www.liverpoolmagico.net\/wp-content\/uploads\/2020\/04\/1-473x354.jpg 473w\" sizes=\"(max-width: 550px) 100vw, 550px\" \/><\/figure><\/li><li class=\"wp-block-jetpack-slideshow_slide swiper-slide\"><figure><img loading=\"lazy\" decoding=\"async\" width=\"2560\" height=\"1707\" alt=\"\" class=\"wp-block-jetpack-slideshow_image wp-image-5043\" data-id=\"5043\" src=\"https:\/\/www.liverpoolmagico.net\/wp-content\/uploads\/2020\/04\/2-scaled.jpg\" srcset=\"https:\/\/www.liverpoolmagico.net\/wp-content\/uploads\/2020\/04\/2-scaled.jpg 2560w, https:\/\/www.liverpoolmagico.net\/wp-content\/uploads\/2020\/04\/2-scaled-600x400.jpg 600w, https:\/\/www.liverpoolmagico.net\/wp-content\/uploads\/2020\/04\/2-300x200.jpg 300w, https:\/\/www.liverpoolmagico.net\/wp-content\/uploads\/2020\/04\/2-1024x683.jpg 1024w, https:\/\/www.liverpoolmagico.net\/wp-content\/uploads\/2020\/04\/2-768x512.jpg 768w, https:\/\/www.liverpoolmagico.net\/wp-content\/uploads\/2020\/04\/2-1536x1024.jpg 1536w, https:\/\/www.liverpoolmagico.net\/wp-content\/uploads\/2020\/04\/2-2048x1365.jpg 2048w, https:\/\/www.liverpoolmagico.net\/wp-content\/uploads\/2020\/04\/2-531x354.jpg 531w\" sizes=\"(max-width: 2560px) 100vw, 2560px\" \/><\/figure><\/li><li class=\"wp-block-jetpack-slideshow_slide swiper-slide\"><figure><img loading=\"lazy\" decoding=\"async\" width=\"550\" height=\"412\" alt=\"\" class=\"wp-block-jetpack-slideshow_image wp-image-5044\" data-id=\"5044\" src=\"https:\/\/www.liverpoolmagico.net\/wp-content\/uploads\/2020\/04\/3.jpg\" srcset=\"https:\/\/www.liverpoolmagico.net\/wp-content\/uploads\/2020\/04\/3.jpg 550w, https:\/\/www.liverpoolmagico.net\/wp-content\/uploads\/2020\/04\/3-300x225.jpg 300w, https:\/\/www.liverpoolmagico.net\/wp-content\/uploads\/2020\/04\/3-473x354.jpg 473w\" sizes=\"(max-width: 550px) 100vw, 550px\" \/><\/figure><\/li><li class=\"wp-block-jetpack-slideshow_slide swiper-slide\"><figure><img loading=\"lazy\" decoding=\"async\" width=\"2560\" height=\"1707\" alt=\"\" class=\"wp-block-jetpack-slideshow_image wp-image-5045\" data-id=\"5045\" src=\"https:\/\/www.liverpoolmagico.net\/wp-content\/uploads\/2020\/04\/4-2-scaled.jpg\" srcset=\"https:\/\/www.liverpoolmagico.net\/wp-content\/uploads\/2020\/04\/4-2-scaled.jpg 2560w, https:\/\/www.liverpoolmagico.net\/wp-content\/uploads\/2020\/04\/4-2-scaled-600x400.jpg 600w, https:\/\/www.liverpoolmagico.net\/wp-content\/uploads\/2020\/04\/4-2-300x200.jpg 300w, https:\/\/www.liverpoolmagico.net\/wp-content\/uploads\/2020\/04\/4-2-1024x683.jpg 1024w, https:\/\/www.liverpoolmagico.net\/wp-content\/uploads\/2020\/04\/4-2-768x512.jpg 768w, https:\/\/www.liverpoolmagico.net\/wp-content\/uploads\/2020\/04\/4-2-1536x1024.jpg 1536w, https:\/\/www.liverpoolmagico.net\/wp-content\/uploads\/2020\/04\/4-2-2048x1365.jpg 2048w, https:\/\/www.liverpoolmagico.net\/wp-content\/uploads\/2020\/04\/4-2-531x354.jpg 531w\" sizes=\"(max-width: 2560px) 100vw, 2560px\" \/><\/figure><\/li><li class=\"wp-block-jetpack-slideshow_slide swiper-slide\"><figure><img loading=\"lazy\" decoding=\"async\" width=\"2560\" height=\"1707\" alt=\"\" class=\"wp-block-jetpack-slideshow_image wp-image-5046\" data-id=\"5046\" src=\"https:\/\/www.liverpoolmagico.net\/wp-content\/uploads\/2020\/04\/4-scaled.jpg\" srcset=\"https:\/\/www.liverpoolmagico.net\/wp-content\/uploads\/2020\/04\/4-scaled.jpg 2560w, https:\/\/www.liverpoolmagico.net\/wp-content\/uploads\/2020\/04\/4-scaled-600x400.jpg 600w, https:\/\/www.liverpoolmagico.net\/wp-content\/uploads\/2020\/04\/4-300x200.jpg 300w, https:\/\/www.liverpoolmagico.net\/wp-content\/uploads\/2020\/04\/4-1024x683.jpg 1024w, https:\/\/www.liverpoolmagico.net\/wp-content\/uploads\/2020\/04\/4-768x512.jpg 768w, https:\/\/www.liverpoolmagico.net\/wp-content\/uploads\/2020\/04\/4-1536x1024.jpg 1536w, https:\/\/www.liverpoolmagico.net\/wp-content\/uploads\/2020\/04\/4-2048x1365.jpg 2048w, https:\/\/www.liverpoolmagico.net\/wp-content\/uploads\/2020\/04\/4-531x354.jpg 531w\" sizes=\"(max-width: 2560px) 100vw, 2560px\" \/><\/figure><\/li><li class=\"wp-block-jetpack-slideshow_slide swiper-slide\"><figure><img loading=\"lazy\" decoding=\"async\" width=\"502\" height=\"640\" alt=\"\" class=\"wp-block-jetpack-slideshow_image wp-image-5047\" data-id=\"5047\" src=\"https:\/\/www.liverpoolmagico.net\/wp-content\/uploads\/2020\/04\/5.jpg\" srcset=\"https:\/\/www.liverpoolmagico.net\/wp-content\/uploads\/2020\/04\/5.jpg 502w, https:\/\/www.liverpoolmagico.net\/wp-content\/uploads\/2020\/04\/5-235x300.jpg 235w, https:\/\/www.liverpoolmagico.net\/wp-content\/uploads\/2020\/04\/5-300x382.jpg 300w, https:\/\/www.liverpoolmagico.net\/wp-content\/uploads\/2020\/04\/5-278x354.jpg 278w\" sizes=\"(max-width: 502px) 100vw, 502px\" \/><\/figure><\/li><li class=\"wp-block-jetpack-slideshow_slide swiper-slide\"><figure><img loading=\"lazy\" decoding=\"async\" width=\"760\" height=\"503\" alt=\"\" class=\"wp-block-jetpack-slideshow_image wp-image-5048\" data-id=\"5048\" src=\"https:\/\/www.liverpoolmagico.net\/wp-content\/uploads\/2020\/04\/casbah-coffee-1.jpg\" srcset=\"https:\/\/www.liverpoolmagico.net\/wp-content\/uploads\/2020\/04\/casbah-coffee-1.jpg 760w, https:\/\/www.liverpoolmagico.net\/wp-content\/uploads\/2020\/04\/casbah-coffee-1-600x397.jpg 600w, https:\/\/www.liverpoolmagico.net\/wp-content\/uploads\/2020\/04\/casbah-coffee-1-300x199.jpg 300w, https:\/\/www.liverpoolmagico.net\/wp-content\/uploads\/2020\/04\/casbah-coffee-1-535x354.jpg 535w\" sizes=\"(max-width: 760px) 100vw, 760px\" \/><\/figure><\/li><li class=\"wp-block-jetpack-slideshow_slide swiper-slide\"><figure><img loading=\"lazy\" decoding=\"async\" width=\"249\" height=\"202\" alt=\"\" class=\"wp-block-jetpack-slideshow_image wp-image-5049\" data-id=\"5049\" src=\"https:\/\/www.liverpoolmagico.net\/wp-content\/uploads\/2020\/04\/casbah-coffee-2.jpg\"\/><\/figure><\/li><li class=\"wp-block-jetpack-slideshow_slide swiper-slide\"><figure><img loading=\"lazy\" decoding=\"async\" width=\"474\" height=\"452\" alt=\"\" class=\"wp-block-jetpack-slideshow_image wp-image-5050\" data-id=\"5050\" src=\"https:\/\/www.liverpoolmagico.net\/wp-content\/uploads\/2020\/04\/casbah-coffee-3.jpg\" srcset=\"https:\/\/www.liverpoolmagico.net\/wp-content\/uploads\/2020\/04\/casbah-coffee-3.jpg 474w, https:\/\/www.liverpoolmagico.net\/wp-content\/uploads\/2020\/04\/casbah-coffee-3-300x286.jpg 300w, https:\/\/www.liverpoolmagico.net\/wp-content\/uploads\/2020\/04\/casbah-coffee-3-371x354.jpg 371w\" sizes=\"(max-width: 474px) 100vw, 474px\" \/><\/figure><\/li><\/ul><a class=\"wp-block-jetpack-slideshow_button-prev swiper-button-prev swiper-button-white\" role=\"button\"><\/a><a class=\"wp-block-jetpack-slideshow_button-next swiper-button-next swiper-button-white\" role=\"button\"><\/a><a aria-label=\"Pause Slideshow\" class=\"wp-block-jetpack-slideshow_button-pause\" role=\"button\"><\/a><div class=\"wp-block-jetpack-slideshow_pagination swiper-pagination swiper-pagination-white\"><\/div><\/div><\/div>\n\n\n\n<p>Fue un club musical de rock and roll que funcion\u00f3 entre 1959 y 1962. El club se encontraba en el s\u00f3tano de la mansi\u00f3n familiar de Mona Best, madre del primer baterista de la banda, Pete Best.<br \/>Mona us\u00f3 el s\u00f3tano de su casa para crear un club pensado para los j\u00f3venes adolescentes de Liverpool.<br \/>Los Quarrymen, primera banda de John Lennon, en la que ya estaba Harrison y Paul McCartney inauguraron el local el 29 de agosto de 1959, despu\u00e9s de que ellos mismos lo decoraran y pintaran.<br \/>El edificio preserva las pinturas de quienes luego ser\u00edan Los Beatles en los techos y paredes (estrellas, s\u00edmbolos aztecas, una ara\u00f1a, un drag\u00f3n y un arco iris). Cynthia Powell, quien luego se casar\u00eda con John Lennon, pint\u00f3 una silueta de John en la pared que tambi\u00e9n ha sido preservada. El hijo de Mona, Pete Best, fue seleccionado como primer baterista de Los Beatles, pocos d\u00edas antes de partir para Hamburgo en agosto de 1960. Al volver, con el nombre de Beatles, el 17 de diciembre de 1960, la banda dio su primer concierto en el Reino Unido.<br \/>Paul McCartney dijo de Casbah: <\/p>\n\n\n\n<p><em>Es bueno que la gente sepa sobre Casbah. Se habla de la Caverna y otras cosas, pero Casbah fue el lugar donde todo comenz\u00f3. Ayudamos a pintarlo y decorarlo, y lo convertimos en nuestro Club personal<\/em>.<br \/><\/p>\n\n\n\n<p>Tras m\u00e1s de 38 cerrado al p\u00fablico, en el 2006, el ministro de Cultura anunci\u00f3 que el s\u00f3tano de la casa de Mona Best estar\u00eda en la lista de edificios como Patrimonio Ingl\u00e9s<br \/><\/p>\n\n\n\n<p class=\"has-very-light-gray-background-color has-background\"><strong>Duraci\u00f3n:<\/strong><br \/>Las paredes de este s\u00f3tano encierran muchos secretos que desvelamos en aproximadamente un hora.<\/p>\n\n\n\n<p class=\"has-very-light-gray-background-color has-background\"><br \/><strong>Precio:<\/strong><br \/>La entrada son<strong> 20 libras<\/strong> por persona y no se puede vender independiente de nuestro tour de Beatles en espa\u00f1ol.<\/p>\n\n\n\n<figure class=\"wp-block-embed alignleft is-type-video is-provider-youtube wp-block-embed-youtube wp-embed-aspect-16-9 wp-has-aspect-ratio\"><div class=\"wp-block-embed__wrapper\">\n<span class=\"embed-youtube\" style=\"text-align:center; display: block;\"><iframe loading=\"lazy\" class=\"youtube-player\" width=\"650\" height=\"366\" src=\"https:\/\/www.youtube.com\/embed\/ssxN1reFUMs?version=3&#038;rel=1&#038;showsearch=0&#038;showinfo=1&#038;iv_load_policy=1&#038;fs=1&#038;hl=es-ES&#038;autohide=2&#038;wmode=transparent\" allowfullscreen=\"true\" style=\"border:0;\" sandbox=\"allow-scripts allow-same-origin allow-popups allow-presentation allow-popups-to-escape-sandbox\"><\/iframe><\/span>\n<\/div><\/figure>\n","protected":false},"excerpt":{"rendered":"<p>Fue un club musical de rock and roll que funcion\u00f3 entre 1959 y 1962. El club se encontraba en el s\u00f3tano de la mansi\u00f3n familiar de Mona Best, madre del primer baterista de la banda, Pete Best.Mona us\u00f3 el s\u00f3tano de su casa para crear un club pensado para los<a href=\"https:\/\/www.liverpoolmagico.net\/index.php\/casbah-coffee-club\/\" class=\"read-more\">Read the rest of this page &raquo;<\/a><\/p>\n","protected":false},"author":2,"featured_media":0,"parent":0,"menu_order":0,"comment_status":"closed","ping_status":"closed","template":"","meta":{"jetpack_post_was_ever_published":false,"footnotes":""},"class_list":["post-5040","page","type-page","status-publish","hentry"],"aioseo_notices":[],"jetpack_shortlink":"https:\/\/wp.me\/P3lKQ0-1ji","jetpack_sharing_enabled":true,"_links":{"self":[{"href":"https:\/\/www.liverpoolmagico.net\/index.php\/wp-json\/wp\/v2\/pages\/5040","targetHints":{"allow":["GET"]}}],"collection":[{"href":"https:\/\/www.liverpoolmagico.net\/index.php\/wp-json\/wp\/v2\/pages"}],"about":[{"href":"https:\/\/www.liverpoolmagico.net\/index.php\/wp-json\/wp\/v2\/types\/page"}],"author":[{"embeddable":true,"href":"https:\/\/www.liverpoolmagico.net\/index.php\/wp-json\/wp\/v2\/users\/2"}],"replies":[{"embeddable":true,"href":"https:\/\/www.liverpoolmagico.net\/index.php\/wp-json\/wp\/v2\/comments?post=5040"}],"version-history":[{"count":0,"href":"https:\/\/www.liverpoolmagico.net\/index.php\/wp-json\/wp\/v2\/pages\/5040\/revisions"}],"wp:attachment":[{"href":"https:\/\/www.liverpoolmagico.net\/index.php\/wp-json\/wp\/v2\/media?parent=5040"}],"curies":[{"name":"wp","href":"https:\/\/api.w.org\/{rel}","templated":true}]}}